{"id":100,"date":"2018-09-06T21:33:06","date_gmt":"2018-09-06T21:33:06","guid":{"rendered":"http:\/\/www.rodrigobetancursa.com\/blog\/?page_id=100"},"modified":"2020-08-13T21:37:26","modified_gmt":"2020-08-13T21:37:26","slug":"contactenos","status":"publish","type":"page","link":"https:\/\/www.rodrigobetancursa.com\/blog\/?page_id=100","title":{"rendered":"Cont\u00e1ctenos"},"content":{"rendered":"<p>La normatividad actual del pa\u00eds ha generado nuevas responsabilidades a las empresas para la protecci\u00f3n de los datos personalesde los clientes y dem\u00e1s p\u00fablico de inter\u00e9s. Para RODRIGO BETANCUR SA es fundamental contar con su autorizaci\u00f3n para tratar los datos\u00a0 que usted nos suministre.<\/p>\n<p>Diligencie el formulario a continuacion, Acepte los terminos y proceda a radicar su inquietud.<br \/>\nGracias por su colaboracion.<\/p>\n<p><a href=\"https:\/\/docs.google.com\/forms\/d\/e\/1FAIpQLScONrmO5lmanawMm-D2kxeQ8JcbMNKee-KsbLsZpjGK3DAm0w\/viewform?usp=sf_link\">Abrir Formulario<\/a><\/p>\n","protected":false},"excerpt":{"rendered":"<p>La normatividad actual del pa\u00eds ha generado nuevas responsabilidades a las empresas para la protecci\u00f3n de los datos personalesde los clientes y dem\u00e1s p\u00fablico de inter\u00e9s. Para RODRIGO BETANCUR SA es fundamental contar con su autorizaci\u00f3n para tratar los datos\u00a0 que usted nos suministre. Diligencie el formulario a continuacion, Acepte los terminos y proceda a [&hellip;]<\/p>\n","protected":false},"author":1,"featured_media":0,"parent":0,"menu_order":3,"comment_status":"closed","ping_status":"closed","template":"","meta":{"footnotes":""},"class_list":["post-100","page","type-page","status-publish","hentry"],"_links":{"self":[{"href":"https:\/\/www.rodrigobetancursa.com\/blog\/index.php?rest_route=\/wp\/v2\/pages\/100","targetHints":{"allow":["GET"]}}],"collection":[{"href":"https:\/\/www.rodrigobetancursa.com\/blog\/index.php?rest_route=\/wp\/v2\/pages"}],"about":[{"href":"https:\/\/www.rodrigobetancursa.com\/blog\/index.php?rest_route=\/wp\/v2\/types\/page"}],"author":[{"embeddable":true,"href":"https:\/\/www.rodrigobetancursa.com\/blog\/index.php?rest_route=\/wp\/v2\/users\/1"}],"replies":[{"embeddable":true,"href":"https:\/\/www.rodrigobetancursa.com\/blog\/index.php?rest_route=%2Fwp%2Fv2%2Fcomments&post=100"}],"version-history":[{"count":4,"href":"https:\/\/www.rodrigobetancursa.com\/blog\/index.php?rest_route=\/wp\/v2\/pages\/100\/revisions"}],"predecessor-version":[{"id":453,"href":"https:\/\/www.rodrigobetancursa.com\/blog\/index.php?rest_route=\/wp\/v2\/pages\/100\/revisions\/453"}],"wp:attachment":[{"href":"https:\/\/www.rodrigobetancursa.com\/blog\/index.php?rest_route=%2Fwp%2Fv2%2Fmedia&parent=100"}],"curies":[{"name":"wp","href":"https:\/\/api.w.org\/{rel}","templated":true}]}}